*2 - 5*a**2 + 24 - 4*a**2. Calculate the remainder when w(10) is divided by 8.
6
Let j(q) = -2*q**2 + 29*q + 11. What is the remainder when 4/(-12) - 278/(-6) is divided by j(14)?
21
Suppose 22 = 2*o + 5*w, -o - 4*o - w = -101. What is the remainder when 40 is divided by o?
19
Let s = 122 + -94. What is the remainder when 111 is divided by s?
27
Let k = 517 - 478. Calculate the remainder when 506 is divided by k.
38
Let i(n) = 58*n - 155. What is the remainder when 67 is divided by i(3)?
10
Suppose 0 = -q + 5*w + 53, -q + 5 = 2*w - 13. Suppose -55 = -4*j - 3*m, -2*m + q = -j + 3*j. What is the remainder when j is divided by 7?
6
Let u = -630 - -639. What is the remainder when 214 is divided by u?
7
Let l(p) = -p**2 + 20*p + 3. Let x be (-1992)/(-104) - 4/26. What is the remainder when l(x) is divided by 13?
9
Suppose -2*d - 82 = -2*o, d - 231 = -5*o - 32. Suppose 5*f - o - 40 = 2*h, -2*f - 2*h = -18. What is the remainder when 23 is divided by f?
9
Suppose -10 - 52 = -2*a. Let r(d) = 25*d**3 + 13*d**2 + 4 - 4*d - 27*d**3 - 5. What is the remainder when a is divided by r(6)?
9
What is the remainder when (-108510)/(-450) + (-2)/15 is divided by 27?
25
Suppose 6*x + 187 = 2*t + 3*x, 0 = -x - 3. Let c = -389 + 412. What is the remainder when t is divided by c?
20
Suppose 14*r - 216 + 76 = 0. What is the remainder when 51 is divided by r?
1
Suppose -5*z = g - 3*g + 211, -5*g + 97 = -2*z. Let c = z + 79. Calculate the remainder when 188 is divided by c.
36
Let j(o) = -2*o**3 + o + 1. Let f be j(-1). Suppose b = 1 + f. Suppose -5*k - 5*c = -15, b*k + 3*c + 2*c - 9 = 0. What is the remainder when 4 is divided by k?
1
Let m(l) = -2*l**3 - 7*l**2 - 6*l + 7. Let q be m(-5). Calculate the remainder when 15 is divided by 42/q + 138/16.
6
Let n(r) = r + 89. Calculate the remainder when n(19) is divided by 39.
30
Suppose 5*h = 2*h + 2*i - 53, -29 = 3*h + 4*i. Calculate the remainder when 52 is divided by h*7/((-140)/36).
25
Let a = 5 - -80. What is the remainder when 677 is divided by a?
82
Let l = -699 + 713. What is the remainder when 498 is divided by l?
8
Suppose 167*p - 65967 = 134*p. Calculate the remainder when p is divided by 26.
23
Suppose -21 + 1797 = 16*f. What is the remainder when f is divided by 19?
16
Suppose -s + 4*g - 434 = -6*s, -3*s + 263 = 5*g. What is the remainder when s is divided by 10?
6
Suppose -5*x + 28 = 4*v, -2 = -4*v - v + 2*x. Let h = 21 + 7. Calculate the remainder when h is divided by (v + -4)*30/(-4).
13
Let n(s) = -27*s**2 - 22*s + 7. Calculate the remainder when (-2)/4*(-10 + 0) is divided by n(-1).
1
Suppose 0 = -3*w + 14 - 92. Let v = 36 + w. Calculate the remainder when 17 is divided by v.
7
Let a(y) = y + 9. Let z be a(-7). Suppose -z*v + 28 - 4 = 0. Calculate the remainder when 33 is divided by v.
9
Let l be (-2)/12 - 93/(-18). Suppose 4*t - 7 = -l*v, 0 = t - 2*v - 14 - 4. Calculate the remainder when 22 is divided by t.
6
Suppose 4*m + 0*m + 10 = 2*n, 0 = 5*m + 2*n + 17. Let b be (4/m)/(4/30). Calculate the remainder when 18 is divided by (-2*1)/(4/b).
3
Suppose -4*a = -8*a + 12. Let u = a + 3. Let q(s) = s - 5. What is the remainder when 3 is divided by q(u)?
0
Let l be (1/((-12)/(-20)))/((-2)/18). Let y(z) = z**2 + 12*z - 2. Let t(d) = 4*d**2 + 3*d - 4. What is the remainder when y(l) is divided by t(-3)?
20
Let n(i) = -6*i**3 - 6*i**2 + 2*i + 12. Let j(k) = -k**3 - k + 1. Let t(o) = -5*j(o) + n(o). What is the remainder when 47 is divided by t(-7)?
5
Suppose 85 - 1593 = -4*z - 5*g, 2*z = -3*g + 756. What is the remainder when z is divided by 95?
87
What is the remainder when (1045/10 + 2)*(17 - 15) is divided by 9?
6
Suppose 2*i = -4, -3*i = 6*x - 8*x + 888. What is the remainder when x is divided by 37?
34
Let w(x) = 23*x + 5. What is the remainder when w(8) is divided by (565/(-35) - 5/(-35))*-2?
29
Let v = -44 - -59. What is the remainder when (2698/57)/(2/3) is divided by v?
11
Let t(f) = -25*f + 1. Let m = -4 - -3. Let a(s) = -s**3 + 38*s**2 + 80*s + 7. Calculate the remainder when t(m) is divided by a(40).
5
Let h = 65 - 65. Suppose h*m - 4*m = -76. Calculate the remainder when 92 is divided by m.
16
Let f(m) = 48*m**3 - m**2 + 3*m - 1. Let q(r) = r**3 - 57 + 32 + 27 + 2*r - 12*r**2. Calculate the remainder when f(1) is divided by q(12).
23
Let v(r) = -3*r + 189. Calculate the remainder when 111 is divided by v(52).
12
Let a(z) = z**3 + 5*z**2 - 10*z - 5. Let y = 21 + -25. Suppose -g - 2*m + 23 = 0, -3*g + 40 = -m + 6. What is the remainder when a(y) is divided by g?
12
Let m(h) = -h**3 + h**2 + 2*h - 1. Let d be m(-2). Suppose -5*z = -d*z + 122. What is the remainder when z is divided by 13?
9
Suppose 5*u = 4*u + 2*x + 6, -5*x = 4*u - 50. Calculate the remainder when 197 is divided by u.
7
Let d(f) = -2*f - 2. Let m = -12 + 9. Let h be d(m). Suppose 39 = 3*b - 3*y, h*b = -4*y + 5*y + 55. What is the remainder when b is divided by 5?
4
Let m(g) = 104*g + 56. What is the remainder when m(1) is divided by 55?
50
Suppose 2*x - 72 = 140. Let g(p) = 52*p - 196. What is the remainder when x is divided by g(4)?
10
Let z(b) = -b**3 + 12*b**2 - 10*b + 2. Let t be z(11). Let h(j) = -j**3 + 13*j**2 + j - 5. What is the remainder when 20 is divided by h(t)?
4
Suppose 4*o = -3*f + 544 + 154, -2*o - 3*f = -352. Calculate the remainder when o is divided by 28.
5
Let u(h) = h**3 + 7*h**2 + 3*h - 1. Let c = 24 - 30. Calculate the remainder when u(c) is divided by 9.
8
Suppose a + q = 2*q + 14, 4*a - 58 = 5*q. Let v = 202 - 114. What is the remainder when 43 is divided by (v/a)/((-1)/(-3))?
21
Let f = -9 + 9. Suppose -2*b + j + 0*j + 3 = 0, f = b - 3*j + 1. Suppose 0 = b*t + t - 24. Calculate the remainder when 29 is divided by t.
5
Let d(o) = -o**2 + 14*o. What is the remainder when d(5) is divided by 13?
6
Let l(z) = -43*z**3 + 1. Let u be l(-1). Let b = 31 + u. Suppose 4*t = -7 + b. What is the remainder when 50 is divided by t?
16
Let f(c) = 14*c**2 - 2*c - 12 - 32*c**2 + 10*c**2 - c**3. What is the remainder when f(-8) is divided by 3?
1
Let z be (8/(-10))/((-5)/((-41550)/12)). Calculate the remainder when (z/(-4))/((-2)/(-4)) is divided by 40.
37
Let k(t) = -t**3 - 3*t**2 - 9*t + 15. Calculate the remainder when 331 is divided by k(-4).
63
Let r(w) = -6*w**3 - 3*w**2 + 2*w + 2. What is the remainder when 104 is divided by r(-2)?
2
Suppose 12 = 2*s + 2*q, -2*s - 2 + 20 = -q. Let v(t) = t**2 - 7*t. Let u be v(4). Let w = 17 + u. Calculate the remainder when s is divided by w.
3
Suppose 2*y = -0*y + 138. Suppose 11*u = -y + 234. Calculate the remainder when 71 is divided by u.
11
Let f(r) = 32*r - 86. Let q(m) = m**2 - m. Let d be q(3). What is the remainder when f(3) is divided by (-1 + 0)/((-1)/d)?
4
What is the remainder when 13 is divided by (-2)/(-14) + 29/(1015/100)?
1
Let r(q) = -3*q - 9. Let v be r(-4). What is the remainder when 59 is divided by 0 + 3*15/v?
14
Let m(i) = 27*i**2 + 13*i + 6. Suppose 4*o - 2*c - 190 = 0, 3*o - 4*c - 139 = c. Calculate the remainder when m(-2) is divided by o.
40
Suppose -96 - 170 = 7*f. Let j = -8 - f. Calculate the remainder when 238 is divided by j.
28
Let c(o) = 4*o - 22. Let r(s) = 3*s - 22. Let f(b) = 4*c(b) - 5*r(b). Calculate the remainder when 20 is divided by f(-13).
2
Let h be 0 + (0 - (-4)/1). Suppose b + 136 = 4*d, -h = -2*b + 4. What is the remainder when 67 is divided by d?
32
Let v = 26 - 26. Suppose 0 = 2*j + 4*r - 16, -4*j - r + 18 = -v*r. What is the remainder when 33 is divided by ((-2)/j)/((-1)/24)?
9
Let i(y) = y**2 + 10*y - 3. Let o(q) = 1. Let k(s) = -i(s) - 5*o(s). Suppose -4*c + 28 = -0*c. What is the remainder when k(-7) is divided by c?
5
Calculate the remainder when (101/(-2))/(9/(-18)) + -4 is divided by 11.
9
Suppose 5*q = f - 0*f + 381, 4*q + 4*f - 324 = 0. Let s(j) = -8*j + 178. What is the remainder when q is divided by s(21)?
7
Suppose 2*y = -3*o - 15, 0*y = 2*o - 2*y. Let d = o + -1. Calculate the remainder when (-122)/(-14) - d/14 is divided by 6.
3
Let v = 77 - -43. Calculate the remainder when v is divided by 26.
16
Let g(s) = -4*s**2 - 76*s + 45. What is the remainder when 491 is divided by g(-19)?
41
Let d(q) be the first derivative of -q**4/4 + 2*q**3 + 2*q**2 + 5*q - 12. Calculate the remainder when d(6) is divided by 15.
14
Let f(h) = 